{"id":1377,"date":"2017-05-29T02:28:12","date_gmt":"2017-05-29T02:28:12","guid":{"rendered":"https:\/\/fromchina.cl\/tours\/?page_id=1377"},"modified":"2025-02-28T22:54:58","modified_gmt":"2025-02-28T22:54:58","slug":"programa1","status":"publish","type":"page","link":"https:\/\/fromchina.cl\/tours\/programa1\/","title":{"rendered":"FERIA CANT\u00d3N &#8211; Visita la feria&#8230;"},"content":{"rendered":"<h2 style=\"text-align: center;\"><span style=\"color: #c40000;\"><span style=\"color: #000000;\">VISITA LA FERIA DE PROVEEDORES MAS GRANDE DEL MUNDO<\/span><br \/>\n<\/span><\/h2>\n<h2 style=\"text-align: center;\"><span style=\"color: #c40000;\">COMPRA DIRECTAMENTE A LA FABRICA<br \/>\n<\/span><\/h2>\n<h2 style=\"text-align: center;\"><span style=\"color: #c40000;\"><span style=\"color: #000000;\">PR\u00d3XIMA SALIDA: abril 2025<\/span><br \/>\n<\/span><\/h2>\n<h3 style=\"text-align: center;\">del 11 al 25 de abril de 2025<\/h3>\n<hr \/>\n<h4 style=\"text-align: center;\"><span style=\"color: #c40000;\">\u00abFERIA DE CANT\u00d3N\u00bb <span style=\"color: #808080;\">FASE<\/span><\/span><span style=\"color: #808080;\"> 11-15 DE abril DE 2025<\/span><\/h4>\n<hr \/>\n<h4>El Programa incluye:<\/h4>\n<ul>\n<li>Entrega de toda la informaci\u00f3n detallada del viaje.<\/li>\n<li>Tramitaci\u00f3n VISA China.<\/li>\n<li>Tramitaci\u00f3n ESTA (acceso USA).<\/li>\n<li>Ticket A\u00e9reo Chile &#8211; China.<\/li>\n<li>Asesoramiento personalizado de la cultura de negocios china.<\/li>\n<li>Tramitaci\u00f3n seguro Asistencia Viaje.<\/li>\n<li>Traslado Hotel Guangzhou.<\/li>\n<li>Hotel 4* habitaci\u00f3n doble compartida con desayuno incluido.<\/li>\n<li>Traslado Hotel &#8211; Feria &#8211; Hotel.<\/li>\n<li>Tramitaci\u00f3n credencial Feria.<\/li>\n<li>Acompa\u00f1ante gu\u00eda Chileno.<\/li>\n<li>Actividades tur\u00edsticas y compras.<\/li>\n<\/ul>\n<h4>Servicios no INCLUIDOS:<\/h4>\n<ul>\n<li>Almuerzos y cenas.<\/li>\n<li>Int\u00e9rpretes y\/o gastos por reuniones particulares.<\/li>\n<li>Traslados y servicios por actividades fuera del programa original.<\/li>\n<li>Gastos personales y de servicios no mencionados en el programa.<\/li>\n<li>Tickets tur\u00edsticos.<\/li>\n<li>Gastos por p\u00e9rdida de documentos o por retrasos de la aerol\u00ednea.<\/li>\n<\/ul>\n<hr \/>\n<h4>TIMELINE<\/h4>\n<ul>\n<li>11 abril: Salida de Santiago.<\/li>\n<li>13 abril: Llegada a Guangzhou.<\/li>\n<li>14 abril: Acreditaci\u00f3n Feria de Cant\u00f3n \/ Conocer la Ciudad.<\/li>\n<li>15\u00a0 &#8211; 19 abril: 08:00 &#8211; 17:00 Visita a la Feria de Cant\u00f3n. \/ 17:00 Visita Torre Cant\u00f3n, Ferias, R\u00edo Las Perlas, otros.<\/li>\n<li>19 abril: Salida a Beijing. V\u00eda tren alta velocidad (300 km\/hr.) en coche dormitorio.<\/li>\n<li>19 &#8211; 24 abril: Tour a Beijing. Incluye visitas a la Ciudad Prohibida, Plaza Tiananmen, Muralla China, Villa Ol\u00edmpica, Templo del Cielo, Feria de la Seda y Perlas (Compras).<\/li>\n<li>24 abril: Salida a Santiago.<\/li>\n<\/ul>\n<h4 style=\"text-align: center;\"><span style=\"color: #c40000;\">TEM\u00c1TICAS DE FERIA CANT\u00d3N<br \/>\n<\/span><\/h4>\n<p style=\"text-align: center;\">Electr\u00f3nica y Electrodom\u00e9sticos | Equipo de Iluminaci\u00f3n | Veh\u00edculos y repuestos | Maquinaria | Hardware y Herramientas | Materiales de construcci\u00f3n | Productos qu\u00edmicos | Recursos energ\u00e9ticos | Pabell\u00f3n Internacional<\/p>\n<hr \/>\n<p style=\"text-align: center;\"><span style=\"color: #339966;\"><strong>HABITACI\u00d3N DOBLE: USD$5.270<\/strong><\/span><\/p>\n<p style=\"text-align: center;\"><span style=\"color: #808080;\"><span style=\"color: #d90000;\">Fecha tope para inscripci\u00f3n 10 de marzo de 2025.<\/span><\/span><\/p>\n","protected":false},"excerpt":{"rendered":"<p>VISITA LA FERIA DE PROVEEDORES MAS GRANDE DEL MUNDO COMPRA DIRECTAMENTE A LA FABRICA PR\u00d3XIMA SALIDA: abril 2025 del 11 al 25 de abril de 2025 \u00abFERIA DE CANT\u00d3N\u00bb FASE &#8230;<\/p>\n","protected":false},"author":1,"featured_media":0,"parent":0,"menu_order":0,"comment_status":"closed","ping_status":"closed","template":"","meta":{"footnotes":""},"class_list":["post-1377","page","type-page","status-publish","hentry"],"_links":{"self":[{"href":"https:\/\/fromchina.cl\/tours\/wp-json\/wp\/v2\/pages\/1377","targetHints":{"allow":["GET"]}}],"collection":[{"href":"https:\/\/fromchina.cl\/tours\/wp-json\/wp\/v2\/pages"}],"about":[{"href":"https:\/\/fromchina.cl\/tours\/wp-json\/wp\/v2\/types\/page"}],"author":[{"embeddable":true,"href":"https:\/\/fromchina.cl\/tours\/wp-json\/wp\/v2\/users\/1"}],"replies":[{"embeddable":true,"href":"https:\/\/fromchina.cl\/tours\/wp-json\/wp\/v2\/comments?post=1377"}],"version-history":[{"count":30,"href":"https:\/\/fromchina.cl\/tours\/wp-json\/wp\/v2\/pages\/1377\/revisions"}],"predecessor-version":[{"id":1602,"href":"https:\/\/fromchina.cl\/tours\/wp-json\/wp\/v2\/pages\/1377\/revisions\/1602"}],"wp:attachment":[{"href":"https:\/\/fromchina.cl\/tours\/wp-json\/wp\/v2\/media?parent=1377"}],"curies":[{"name":"wp","href":"https:\/\/api.w.org\/{rel}","templated":true}]}}